{"id":81,"date":"2015-04-03T21:22:11","date_gmt":"2015-04-03T19:22:11","guid":{"rendered":"http:\/\/norrkopingshus31.se.preview.crystone.se\/wordpress\/?page_id=81"},"modified":"2015-04-26T21:26:43","modified_gmt":"2015-04-26T19:26:43","slug":"stadgar","status":"publish","type":"page","link":"http:\/\/norrkopingshus31.se\/wordpress\/information\/bostadsratt\/stadgar\/","title":{"rendered":"Stadgar"},"content":{"rendered":"<p>P\u00e5 f\u00f6ljande l\u00e4nk kan du hitta v\u00e5ra stadgar.<\/p>\n<p><a href=\"http:\/\/www.notisum.se\/rnp\/sls\/lag\/19910614.htm\" target=\"_blank\" class=\"broken_link\">Stadgar <\/a>(nytt f\u00f6nster)<\/p>\n","protected":false},"excerpt":{"rendered":"<p>P\u00e5 f\u00f6ljande l\u00e4nk kan du hitta v\u00e5ra stadgar. Stadgar (nytt f\u00f6nster)<\/p>\n","protected":false},"author":8,"featured_media":0,"parent":75,"menu_order":0,"comment_status":"closed","ping_status":"closed","template":"","meta":{"footnotes":""},"class_list":["post-81","page","type-page","status-publish","hentry"],"_links":{"self":[{"href":"http:\/\/norrkopingshus31.se\/wordpress\/wp-json\/wp\/v2\/pages\/81","targetHints":{"allow":["GET"]}}],"collection":[{"href":"http:\/\/norrkopingshus31.se\/wordpress\/wp-json\/wp\/v2\/pages"}],"about":[{"href":"http:\/\/norrkopingshus31.se\/wordpress\/wp-json\/wp\/v2\/types\/page"}],"author":[{"embeddable":true,"href":"http:\/\/norrkopingshus31.se\/wordpress\/wp-json\/wp\/v2\/users\/8"}],"replies":[{"embeddable":true,"href":"http:\/\/norrkopingshus31.se\/wordpress\/wp-json\/wp\/v2\/comments?post=81"}],"version-history":[{"count":0,"href":"http:\/\/norrkopingshus31.se\/wordpress\/wp-json\/wp\/v2\/pages\/81\/revisions"}],"up":[{"embeddable":true,"href":"http:\/\/norrkopingshus31.se\/wordpress\/wp-json\/wp\/v2\/pages\/75"}],"wp:attachment":[{"href":"http:\/\/norrkopingshus31.se\/wordpress\/wp-json\/wp\/v2\/media?parent=81"}],"curies":[{"name":"wp","href":"https:\/\/api.w.org\/{rel}","templated":true}]}}