{"id":79,"date":"2015-04-03T21:21:54","date_gmt":"2015-04-03T19:21:54","guid":{"rendered":"http:\/\/norrkopingshus31.se.preview.crystone.se\/wordpress\/?page_id=79"},"modified":"2020-03-22T20:21:28","modified_gmt":"2020-03-22T19:21:28","slug":"underhallsansvar","status":"publish","type":"page","link":"http:\/\/norrkopingshus31.se\/wordpress\/information\/bostadsratt\/underhallsansvar\/","title":{"rendered":"Underh\u00e5llsansvar"},"content":{"rendered":"<p><a href=\"http:\/\/norrkopingshus31.se\/wp-content\/uploads\/2020\/02\/vem_ansvarar_for_underhallet.pdf\" rel=\"noopener noreferrer\" target=\"_blank\">&#8221;Vem ansvarar f\u00f6r underh\u00e5llet&#8221;<\/a> (PDF-fil)<\/p>\n<p>Vatten och brandskador skall alltid g\u00e5 via f\u00f6reningen, f\u00f6r vidare upplysning ang\u00e5ende f\u00f6rs\u00e4kringen g\u00e5 in p\u00e5: <a href=\"http:\/\/www.proinova.se\/rbforsakring\" rel=\"noopener noreferrer\" target=\"_blank\">http:\/\/www.proinova.se\/rbforsakring<\/a>.<\/p>\n","protected":false},"excerpt":{"rendered":"<p>&#8221;Vem ansvarar f\u00f6r underh\u00e5llet&#8221; (PDF-fil) Vatten och brandskador skall alltid g\u00e5 via f\u00f6reningen, f\u00f6r vidare upplysning ang\u00e5ende f\u00f6rs\u00e4kringen g\u00e5 in p\u00e5: http:\/\/www.proinova.se\/rbforsakring.<\/p>\n","protected":false},"author":8,"featured_media":0,"parent":75,"menu_order":0,"comment_status":"closed","ping_status":"closed","template":"","meta":{"footnotes":""},"class_list":["post-79","page","type-page","status-publish","hentry"],"_links":{"self":[{"href":"http:\/\/norrkopingshus31.se\/wordpress\/wp-json\/wp\/v2\/pages\/79","targetHints":{"allow":["GET"]}}],"collection":[{"href":"http:\/\/norrkopingshus31.se\/wordpress\/wp-json\/wp\/v2\/pages"}],"about":[{"href":"http:\/\/norrkopingshus31.se\/wordpress\/wp-json\/wp\/v2\/types\/page"}],"author":[{"embeddable":true,"href":"http:\/\/norrkopingshus31.se\/wordpress\/wp-json\/wp\/v2\/users\/8"}],"replies":[{"embeddable":true,"href":"http:\/\/norrkopingshus31.se\/wordpress\/wp-json\/wp\/v2\/comments?post=79"}],"version-history":[{"count":5,"href":"http:\/\/norrkopingshus31.se\/wordpress\/wp-json\/wp\/v2\/pages\/79\/revisions"}],"predecessor-version":[{"id":902,"href":"http:\/\/norrkopingshus31.se\/wordpress\/wp-json\/wp\/v2\/pages\/79\/revisions\/902"}],"up":[{"embeddable":true,"href":"http:\/\/norrkopingshus31.se\/wordpress\/wp-json\/wp\/v2\/pages\/75"}],"wp:attachment":[{"href":"http:\/\/norrkopingshus31.se\/wordpress\/wp-json\/wp\/v2\/media?parent=79"}],"curies":[{"name":"wp","href":"https:\/\/api.w.org\/{rel}","templated":true}]}}